173459000?
True
Is 97727150 a multiple of 10?
True
Does 10242 divide 3284183904?
False
Does 12 divide 1529421170?
False
Does 1186 divide 269913737?
False
Does 20 divide 11254025?
False
Does 471 divide 24085374?
False
Is 314 a factor of 2197058?
True
Is 393561617 a multiple of 149?
False
Is 332 a factor of 371542047?
False
Does 366 divide 6367238?
False
Does 19 divide 126357562?
True
Is 19415772 a multiple of 29?
False
Does 14 divide 7722978?
False
Does 93 divide 23012783?
False
Is 342097704 a multiple of 89?
False
Is 13 a factor of 22943336?
True
Does 1362 divide 43123644?
True
Is 4279803704 a multiple of 584?
True
Does 665 divide 1340438040?
False
Is 13958054 a multiple of 22?
True
Is 231735591 a multiple of 69?
False
Does 8 divide 5065200?
True
Is 1733 a factor of 952519188?
True
Is 155 a factor of 45774600?
True
Does 11 divide 19232929?
False
Does 30 divide 6581547056?
False
Is 1077205038 a multiple of 152?
False
Is 124041622 a multiple of 23?
True
Is 43 a factor of 307461?
False
Is 170 a factor of 178894516?
False
Does 1201 divide 517311430?
False
Is 2488726830 a multiple of 10?
True
Is 208582077 a multiple of 3176?
False
Is 3917987585 a multiple of 163?
False
Does 41 divide 378351442?
False
Is 263 a factor of 1414854262?
True
Is 9076535 a multiple of 1093?
False
Is 37 a factor of 3118270?
False
Does 1492 divide 1334088?
False
Does 3254 divide 34767795?
False
Is 22 a factor of 242174834?
True
Does 530 divide 68950880?
True
Does 598 divide 24335741?
False
Does 776 divide 360999370?
False
Is 19233206 a multiple of 563?
True
Is 63489793 a multiple of 11?
False
Is 850399262 a multiple of 578?
True
Does 46 divide 91928415?
False
Is 30821089 a multiple of 13?
True
Does 239 divide 59290630?
False
Is 570 a factor of 1227266051?
False
Is 323064469 a multiple of 7?
True
Is 2538 a factor of 421259778?
True
Is 19 a factor of 341028185?
False
Is 6374499929 a multiple of 240?
False
Is 284 a factor of 148122472?
True
Is 40586687 a multiple of 9?
False
Is 2701869578 a multiple of 82?
True
Is 10 a factor of 66678660?
True
Is 234007283 a multiple of 221?
False
Is 78665127 a multiple of 11?
False
Does 6 divide 301920114?
True
Does 1849 divide 57192810?
False
Is 11 a factor of 562583379?
False
Is 7256 a factor of 758019808?
True
Is 13 a factor of 667822218?
False
Is 3987752204 a multiple of 316?
True
Is 8281712 a multiple of 62?
True
Is 4 a factor of 92688060?
True
Does 23 divide 87260827?
True
Is 209 a factor of 52803432?
True
Is 311644994 a multiple of 7317?
False
Is 66689658 a multiple of 1878?
True
Is 743 a factor of 66722192?
False
Is 193 a factor of 5055795?
False
Does 540 divide 5461560?
True
Is 638163437 a multiple of 14?
False
Does 17 divide 32426662?
False
Does 24 divide 256329511?
False
Does 188 divide 232208414?
False
Is 311496857 a multiple of 36?
False
Is 322 a factor of 25705398?
False
Is 85345393 a multiple of 433?
False
Is 246 a factor of 34481820?
True
Does 4133 divide 587150512?
True
Does 7 divide 1274377371?
False
Is 215584102 a multiple of 118?
False
Is 106604670 a multiple of 939?
True
Is 189 a factor of 165703860?
True
Is 4661422824 a multiple of 556?
True
Is 7050447 a multiple of 4?
False
Does 161 divide 9211387?
False
Is 206408431 a multiple of 2482?
False
Is 40 a factor of 433559300?
False
Is 376884479 a multiple of 97?
True
Is 1663558127 a multiple of 40?
False
Does 201 divide 277298696?
False
Is 15256012 a multiple of 512?
False
Does 1154 divide 1955644468?
False
Does 120 divide 50060385?
False
Is 27 a factor of 5547447?
True
Is 434423339 a multiple of 880?
False
Does 2429 divide 253096439?
False
Does 29 divide 839246256?
False
Is 517992750 a multiple of 33?
True
Is 35763507 a multiple of 2379?
True
Is 22 a factor of 108669858?
True
Is 27 a factor of 1369554903?
False
Is 52602462 a multiple of 99?
True
Is 730455201 a multiple of 5831?
True
Does 15 divide 5029996?
False
Is 3827 a factor of 1575683056?
True
Is 59067599 a multiple of 22?
False
Is 15 a factor of 949789035?
True
Does 35 divide 10759382?
False
Does 16 divide 340958?
False
Is 2995 a factor of 109392375?
True
Does 18 divide 6054558210?
True
Is 1266177255 a multiple of 2415?
True
Is 25536255 a multiple of 83?
False
Is 855770454 a multiple of 1827?
True
Does 41 divide 107733404?
True
Is 43653439 a multiple of 29?
True
Is 4569 a factor of 612371226?
False
Is 166 a factor of 21924953?
False
Is 121254639 a multiple of 6?
False
Does 38 divide 83057212?
False
Does 228 divide 961465056?
True
Is 5423 a factor of 3621036841?
False
Is 29 a factor of 165695473?
True
Is 8 a factor of 308443910?
False
Is 240 a factor of 87093322?
False
Is 46389068 a multiple of 3986?
True
Is 488 a factor of 95912496?
True
Does 6 divide 16976610?
True
Is 11 a factor of 120192358?
True
Is 2445654482 a multiple of 9295?
False
Is 416 a factor of 69145814?
False
Does 9 divide 34579791?
True
Is 12 a factor of 1485472?
False
Is 197903587 a multiple of 43?
True
Is 909365080 a multiple of 190?
True
Is 599 a factor of 286442812?
False
Does 25 divide 38900975?
True
Is 86476971 a multiple of 933?
True
Does 47 divide 124949176?
False
Does 533 divide 5661764?
False
Is 307 a factor of 1305238962?
False
Does 453 divide 107757375?
True
Is 11 a factor of 7290030?
True
Is 1992467775 a multiple of 15?
True
Does 43 divide 118520626?
False
Is 17 a factor of 30687822?
True
Does 15 divide 1167487395?
True
Is 24855999 a multiple of 707?
True
Does 110 divide 152156555?
False
Is 252988948 a multiple of 41?
False
Is 352614717 a multiple of 13?
True
Does 35 divide 2185352912?
False
Does 13417 divide 4300564301?
False
Does 192 divide 161123712?
True
Does 303 divide 1266539560?
False
Is 151164960 a multiple of 20?
True
Is 5457175 a multiple of 11?
False
Is 699810030 a multiple of 40?
False
Is 2215 a factor of 4057880?
True
Does 41 divide 387150213?
False
Is 68689686 a multiple of 37?
True
Is 29711689 a multiple of 103?
True
Is 155369442 a multiple of 426?
True
Does 85 divide 100639214?
False
Is 2606016 a multiple of 672?
True
Is 119668122 a multiple of 1953?
True
Is 145188147 a multiple of 10?
False
Is 8991077 a multiple of 5?
False
Is 2492 a factor of 311250800?
True
Is 1884 a factor of 969577992?
True
Is 402 a factor of 4743198?
True
Is 494124487 a multiple of 1803?
False
Is 233816344 a multiple of 586?
True
Is 3603 a factor of 1769267562?
True
Is 126 a factor of 1351710334?
False
Does 631 divide 10086535?
True
Is 32 a factor of 51889760?
True
Is 56 a factor of 20247371?
False
Is 18 a factor of 12710970?
True
Does 270 divide 404509568?
False
Is 18062332 a multiple of 353?
False
Is 605 a factor of 534375930?
True
Is 3246 a factor of 106752869?
False
Is 92237407 a multiple of 51?
False
Is 5313938197 a multiple of 3756?
False
Is 4544 a factor of 1287719616?
True
Is 2437 a factor of 129779716?
False
Does 52 divide 27601912?
True
Is 668991804 a multiple of 42?
False
Is 2184 a factor of 340605514?
False
Is 1011529 a multiple of 19?
False
Does 50 divide 11792682?
False
Is 559635556 a multiple of 1024?
False
Is 77 a factor of 802469899?
True
Is 18 a factor of 215784824?
False
Is 211996436 a multiple of 41?
False
Is 1257 a factor of 1607869413?
False
Is 8998276 a multiple of 3?
False
Is 2054 a factor of 448056175?
False
Is 512 a factor of 35840395?
False
Does 12 divide 292776756?
True
Does 5 divide 3893843258?
False
Is 77703474 a multiple of 29?
False
Is 278857195 a multiple of 260?
False
Is 7 a factor of 39661231?
False
Is 21 a factor of 185448291?
True
Does 19 divide 21865872?
False
Is 14 a factor of 44622004?
True
Is 120598429 a multiple of 12?
False
Does 26 divide 5886609170?
True
Is 7 a factor of 5125439?
False
Is 350023415 a multiple of 35?
True
Is 1096 a factor of 1123284920?
True
Does 1054 divide 40058122?
False
Is 17973912 a multiple of 103?
True
Is 28 a factor of 173365360?
True
Is 2967 a factor of 320335122?
True
Is 773 a factor of 1460145626?
False
Is 51675143 a multiple of 4?
False
Is 526235656 a multiple of 179?
True
Is 28 a factor of 17814640?
False
Does 143 divide 21436844?
True
Does 332 divide 71154846?
False
Is 965015064 a multiple of 117?
True
Is 10 a factor of 1137854440?
True
Is 338 a factor of 75454848?
False
Is 92469620 a multiple of 2764?
True
Is 411 a factor of 41607174?
True
Does 40 divide 122218833?
False
Is 